 to base 11
-2354
Convert -1010001010111 (base 2) to base 8.
-12127
Convert 2032 (base 4) to base 8.
216
Convert -466 (base 13) to base 11.
-631
What is 6d1 (base 15) in base 10?
1546
Convert 10001010101000000 (base 2) to base 6.
1304332
What is 2752 (base 11) in base 5?
103231
What is -5464 (base 10) in base 3?
-21111101
What is 1002212 (base 4) in base 15?
13e2
-4323 (base 9) to base 15
-e20
-14550 (base 8) to base 14
-2528
100001000 (base 2) to base 7
525
What is 533 (base 9) in base 8?
663
What is 713 (base 11) in base 2?
1101011101
What is 3341 (base 5) in base 3?
122110
What is 3104 (base 5) in base 11?
338
Convert -14ce (base 16) to base 8.
-12316
What is 72 (base 11) in base 6?
211
Convert -23663 (base 8) to base 14.
-39bd
What is -8c3c (base 13) in base 5?
-1112110
2031010 (base 4) to base 16
2344
Convert 1b7 (base 12) to base 13.
18a
What is 53a (base 11) in base 5?
10043
-417 (base 11) to base 6
-2154
What is 121303 (base 5) in base 10?
4578
Convert 102211010 (base 3) to base 8.
20650
101001011100 (base 2) to base 3
10122020
Convert 21123 (base 5) to base 7.
4056
What is -62aa (base 12) in base 15?
-32e1
Convert 4284 (base 12) to base 11.
5537
What is 1fb (base 16) in base 14?
283
What is -c21 (base 16) in base 14?
-11bb
Convert 44596 (base 10) to base 9.
67151
-23575 (base 9) to base 13
-7250
1434011 (base 5) to base 9
45755
Convert -2220121210 (base 3) to base 11.
-3a075
What is 11122122 (base 3) in base 14?
1344
What is 112265 (base 7) in base 8?
47107
What is 931 (base 14) in base 7?
5161
Convert -56a (base 15) to base 12.
-861
Convert 111113 (base 4) to base 12.
95b
Convert -163140 (base 7) to base 15.
-9899
-3314 (base 7) to base 14
-60b
What is 20202 (base 4) in base 2?
1000100010
Convert -17c89 (base 13) to base 5.
-2433311
-447 (base 10) to base 5
-3242
-12430 (base 5) to base 3
-1100200
31e (base 16) to base 5
11143
14245 (base 9) to base 8
22720
133150 (base 6) to base 2
11000001011010
What is 111221 (base 3) in base 2?
101111000
-7421 (base 15) to base 10
-24556
What is -1004 (base 7) in base 12?
-24b
Convert -8b7 (base 15) to base 16.
-7b4
Convert -23222 (base 4) to base 6.
-3242
Convert -208 (base 14) to base 16.
-190
21 (base 8) to base 16
11
What is a80 (base 11) in base 5?
20143
What is 10935 (base 11) in base 8?
36630
What is 4654 (base 10) in base 2?
1001000101110
Convert -10102201 (base 3) to base 7.
-10204
Convert -441a (base 13) to base 7.
-36442
Convert 101010000111110 (base 2) to base 10.
21566
6566 (base 9) to base 15
1679
What is 44111 (base 5) in base 11?
2306
Convert 9678 (base 10) to base 8.
22716
Convert -25126 (base 7) to base 2.
-1100110111010
What is 112403 (base 6) in base 16?
25b3
Convert -1200543 (base 6) to base 14.
-18a63
Convert 1150 (base 6) to base 12.
1b6
Convert -c99 (base 15) to base 9.
-3810
Convert -167 (base 10) to base 14.
-bd
Convert -1102 (base 9) to base 14.
-420
28647 (base 9) to base 13
8b39
What is 23202 (base 6) in base 7?
12443
What is -104 (base 12) in base 16?
-94
ba0 (base 12) to base 5
23304
-6436 (base 8) to base 15
-edd
Convert -1adc (base 16) to base 11.
-5191
Convert -3a38 (base 13) to base 9.
-12373
What is -110001001 (base 2) in base 7?
-1101
-202 (base 14) to base 8
-612
Convert 1210031 (base 4) to base 5.
201123
What is -1102121220 (base 3) in base 13?
-ca80
What is -1103 (base 10) in base 13?
-66b
-1212212 (base 4) to base 13
-2cb1
1220 (base 14) to base 7
12140
Convert 573 (base 10) to base 4.
20331
What is 41515 (base 6) in base 9?
7602
Convert -2030323 (base 4) to base 3.
-110101001
Convert 14ea (base 16) to base 12.
3122
What is -1220212 (base 3) in base 5?
-21100
8538 (base 10) to base 13
3b6a
What is 201100021 (base 3) in base 5?
422401
What is -101010101 (base 3) in base 11?
-5600
-111b (base 14) to base 12
-1871
What is 412 (base 11) in base 4?
13301
Convert 125a (base 11) to base 3.
2020200
What is -431 (base 15) in base 13?
-57a
Convert -5054 (base 11) to base 5.
-203324
What is 100221 (base 3) in base 7?
532
Convert 101432 (base 6) to base 12.
4878
What is -52633 (base 7) in base 3?
-122211211
-20032 (base 5) to base 11
-a52
What is 22650 (base 9) in base 8?
35407
What is a676 (base 13) in base 16?
5a29
-1111101111 (base 2) to base 9
-1338
What is -122411 (base 5) in base 10?
-4731
624 (base 9) to base 6
2204
What is -1102401 (base 5) in base 16?
-4a9d
What is -1a992 (base 14) in base 10?
-67748
Convert 666 (base 7) to base 6.
1330
-520 (base 6) to base 8
-300
-14763 (base 13) to base 3
-1221222010
Convert 103300 (base 4) to base 5.
20024
What is -21110121 (base 4) in base 8?
-112431
What is 2983 (base 14) in base 2?
1110011000111
What is -20022010 (base 3) in base 6?
-33133
Convert -24330 (base 5) to base 8.
-3460
-2230 (base 8) to base 13
-6c6
Convert -2c7 (base 14) to base 4.
-20313
Convert -204 (base 11) to base 3.
-100010
-220 (base 14) to base 10
-420
Convert -400 (base 7) to base 8.
-304
Convert 240 (base 13) to base 11.
325
Convert 374 (base 13) to base 12.
422
Convert -52 (base 6) to base 15.
-22
Convert 605 (base 8) to base 9.
472
Convert 876f (base 16) to base 4.
20131233
10111010011 (base 2) to base 13
8a9
Convert 342 (base 13) to base 11.
470
What is 14727 (base 11) in base 16?
5169
What is -1a0 (base 16) in base 2?
-110100000
What is -222020201 (base 3) in base 5?
-1103020
What is -40210 (base 9) in base 8?
-63457
What is 3db (base 15) in base 7?
2366
-18365 (base 10) to base 13
-8489
What is -12135 (base 10) in base 8?
-27547
Convert 84 (base 10) to base 5.
314
What is 42a9 (base 14) in base 16?
2cfd
-31343 (base 7) to base 9
-11532
1230 (base 7) to base 9
563
-3002011 (base 4) to base 14
-4753
Convert 440d (base 15) to base 6.
150421
-15057 (base 8) to base 9
-10167
Convert -20323011 (base 4) to base 10.
-36549
What is 10 (base 10) in base 13?
a
Convert -13795 (base 12) to base 7.
-141560
What is -61b (base 13) in base 4?
-100032
Convert -1d (base 15) to base 11.
-26
Convert -530 (base 8) to base 15.
-17e
Convert -4323 (base 9) to base 6.
-22420
-47637 (base 8) to base 11
-14350
What is -b2b (base 16) in base 11?
-216a
-342 (base 5) to base 14
-6d
613 (base 8) to base 3
112122
Convert -270 (base 11) to base 14.
-18b
What is -33222 (base 4) in base 9?
-1333
1082 (base 11) to base 2
10110001101
Convert 22a86 (base 11) to base 2.
1000000111100000
Convert -1527 (base 13) to base 2.
-110000000011
4ee (base 16) to base 8
2356
Convert -138 (base 13) to base 3.
-22000
Convert 13346 (base 9) to base 16.
2349
2819 (base 11) to base 7
13433
1dea (base 16) to base 2
1110111101010
Convert 531 (base 9) to base 5.
3213
-1738 (base 15) to base 14
-1b75
Convert -2114 (base 16) to base 2.
-10000100010100
Convert 1221121 (base 3) to base 8.
2614
What is 2141 (base 10) in base 13?
c89
Convert 13991 (base 11) to base 5.
1113243
Convert -10358 (base 11) to base 13.
-6b20
Convert 2490 (base 11) to base 13.
1628
What is 32648 (base 10) in base 6?
411052
What is -5223 (base 6) in base 8?
-2217
What is -1221001 (base 3) in base 4?
-111331
What is -212203 (base 6) in base 13?
-7b90
What is 790 (base 13) in base 11?
a82
3363 (base 10) to base 2
110100100011
Convert 113043 (base 5) to base 6.
31112
Convert 11dc (base 14) to base 2.
110000111110
What is 112101 (base 3) in base 5?
3023
Convert 100311 (base 4) to base 15.
4bc
Convert -183 (base 16) to base 6.
-1443
What is 2779 (base 16) in base 8?
23571
Convert 3e04 (base 15) to base 10.
13279
178 (base 15) to base 4
11102
What is -10564 (base 7) in base 5?
-41232
-588 (base 15) to base 8
-2345
-1111000021 (base 3) to base 2
-111000111101111
What is -100131 (base 6) in base 4?
-1322113
What is -1110001 (base 3) in base 14?
-554
Convert -25870 (base 10) to base 7.
-135265
What is -24734 (base 8) in base 12?
-6250
What is 5434 (base 13) in base 3?
121001111
18 (base 12) to base 11
19
-100341 (base 6) to base 4
-1323211
Convert 1244 (base 7) to base 4.
13121
What is -1022021 (base 3) in base 11?
-796
Convert cc0 (base 14) to base 7.
10230
Convert -441 (base 15) to base 6.
-4241
Convert -a6 (base 14) to base 11.
-123
10110100101 (base 2) to base 10
1445
What is 33e9 (base 15) in base 12?
6463
Convert -661 (base 8) to base 2.
-110110001
Convert -1102222 (base 3) to base 15.
-4a2
What is 1252 (base 13) in base 11?
1a56
